{"id":4077,"date":"2021-01-25T06:18:30","date_gmt":"2021-01-25T06:18:30","guid":{"rendered":"http:\/\/opelonka.com\/?post_type=product&#038;p=4077"},"modified":"2025-11-28T08:52:24","modified_gmt":"2025-11-28T08:52:24","slug":"13273252-opel-insignia-radyo-kontrol-paneli-13273095-klima-kontrol-paneli-cikma-orjinal","status":"publish","type":"product","link":"https:\/\/opelonka.com\/?product=13273252-opel-insignia-radyo-kontrol-paneli-13273095-klima-kontrol-paneli-cikma-orjinal","title":{"rendered":"13273252 OPEL \u0130NS\u0130GN\u0130A RADYO KONTROL PANEL\u0130 13273095 KL\u0130MA KONTROL PANEL\u0130 \u00c7IKMA ORJ\u0130NAL"},"content":{"rendered":"<p><img loading=\"lazy\" decoding=\"async\" class=\"alignnone size-medium wp-image-4076\" src=\"https:\/\/opelonka.com\/wp-content\/uploads\/2021\/01\/photo_2021-01-21_11-01-11-300x225.jpg\" alt=\"\" width=\"300\" height=\"225\" srcset=\"https:\/\/opelonka.com\/wp-content\/uploads\/2021\/01\/photo_2021-01-21_11-01-11-300x225.jpg 300w, https:\/\/opelonka.com\/wp-content\/uploads\/2021\/01\/photo_2021-01-21_11-01-11-1024x768.jpg 1024w, https:\/\/opelonka.com\/wp-content\/uploads\/2021\/01\/photo_2021-01-21_11-01-11-768x576.jpg 768w, https:\/\/opelonka.com\/wp-content\/uploads\/2021\/01\/photo_2021-01-21_11-01-11-600x450.jpg 600w, https:\/\/opelonka.com\/wp-content\/uploads\/2021\/01\/photo_2021-01-21_11-01-11-64x48.jpg 64w, https:\/\/opelonka.com\/wp-content\/uploads\/2021\/01\/photo_2021-01-21_11-01-11-rotated.jpg 1280w\" sizes=\"auto, (max-width: 300px) 100vw, 300px\" \/> <img loading=\"lazy\" decoding=\"async\" class=\"alignnone size-medium wp-image-4075\" src=\"https:\/\/opelonka.com\/wp-content\/uploads\/2021\/01\/photo_2021-01-21_11-01-08-300x225.jpg\" alt=\"\" width=\"300\" height=\"225\" srcset=\"https:\/\/opelonka.com\/wp-content\/uploads\/2021\/01\/photo_2021-01-21_11-01-08-300x225.jpg 300w, https:\/\/opelonka.com\/wp-content\/uploads\/2021\/01\/photo_2021-01-21_11-01-08-1024x768.jpg 1024w, https:\/\/opelonka.com\/wp-content\/uploads\/2021\/01\/photo_2021-01-21_11-01-08-768x576.jpg 768w, https:\/\/opelonka.com\/wp-content\/uploads\/2021\/01\/photo_2021-01-21_11-01-08-600x450.jpg 600w, https:\/\/opelonka.com\/wp-content\/uploads\/2021\/01\/photo_2021-01-21_11-01-08-64x48.jpg 64w, https:\/\/opelonka.com\/wp-content\/uploads\/2021\/01\/photo_2021-01-21_11-01-08-rotated.jpg 1280w\" sizes=\"auto, (max-width: 300px) 100vw, 300px\" \/> <img loading=\"lazy\" decoding=\"async\" class=\"alignnone size-medium wp-image-4074\" src=\"https:\/\/opelonka.com\/wp-content\/uploads\/2021\/01\/photo_2021-01-21_11-01-04-300x225.jpg\" alt=\"\" width=\"300\" height=\"225\" srcset=\"https:\/\/opelonka.com\/wp-content\/uploads\/2021\/01\/photo_2021-01-21_11-01-04-300x225.jpg 300w, https:\/\/opelonka.com\/wp-content\/uploads\/2021\/01\/photo_2021-01-21_11-01-04-1024x768.jpg 1024w, https:\/\/opelonka.com\/wp-content\/uploads\/2021\/01\/photo_2021-01-21_11-01-04-768x576.jpg 768w, https:\/\/opelonka.com\/wp-content\/uploads\/2021\/01\/photo_2021-01-21_11-01-04-600x450.jpg 600w, https:\/\/opelonka.com\/wp-content\/uploads\/2021\/01\/photo_2021-01-21_11-01-04-64x48.jpg 64w, https:\/\/opelonka.com\/wp-content\/uploads\/2021\/01\/photo_2021-01-21_11-01-04.jpg 1280w\" sizes=\"auto, (max-width: 300px) 100vw, 300px\" \/><\/p>\n<p>13273252 OPEL \u0130NS\u0130GN\u0130A RADYO KONTROL PANEL\u0130<\/p>\n<p>13273095 KL\u0130MA KONTROL PANEL\u0130 \u00c7IKMA ORJ\u0130NAL<\/p>\n","protected":false},"excerpt":{"rendered":"<p>13273252 OPEL \u0130NS\u0130GN\u0130A RADYO KONTROL PANEL\u0130<\/p>\n<p>13273095 KL\u0130MA KONTROL PANEL\u0130 \u00c7IKMA ORJ\u0130NAL<\/p>\n","protected":false},"featured_media":4076,"comment_status":"open","ping_status":"closed","template":"","meta":[],"class_list":{"0":"post-4077","1":"product","2":"type-product","3":"status-publish","4":"has-post-thumbnail","6":"product_cat-opel","7":"product_cat-elektrikli-aksam-insignia-a","8":"product_cat-insignia","9":"product_cat-insignia-a","10":"product_cat-karoseri-ic-parcalar-insignia-a","11":"product_tag-bilgi","12":"product_tag-cerceve","13":"product_tag-cikma","14":"product_tag-ekran","15":"product_tag-gm","16":"product_tag-havalandirma","17":"product_tag-insignia","18":"product_tag-kalorifer","19":"product_tag-kalorifer-havalandirma","20":"product_tag-klima","21":"product_tag-klima-kontrol","22":"product_tag-klima-kontrol-cerceve","23":"product_tag-klima-paneli","24":"product_tag-kontrol","25":"product_tag-kontrol-cerceve","26":"product_tag-muzul","27":"product_tag-opel","28":"product_tag-orjinal","29":"product_tag-panel","30":"product_tag-radyo","31":"product_tag-radyo-kontrol","32":"product_tag-radyo-kontrol-paneli","33":"product_tag-yol","34":"product_tag-yol-bilgi-ekrani","35":"badges-style-3","37":"first","38":"instock","39":"shipping-taxable","40":"product-type-simple"},"_links":{"self":[{"href":"https:\/\/opelonka.com\/index.php?rest_route=\/wp\/v2\/product\/4077","targetHints":{"allow":["GET"]}}],"collection":[{"href":"https:\/\/opelonka.com\/index.php?rest_route=\/wp\/v2\/product"}],"about":[{"href":"https:\/\/opelonka.com\/index.php?rest_route=\/wp\/v2\/types\/product"}],"replies":[{"embeddable":true,"href":"https:\/\/opelonka.com\/index.php?rest_route=%2Fwp%2Fv2%2Fcomments&post=4077"}],"wp:featuredmedia":[{"embeddable":true,"href":"https:\/\/opelonka.com\/index.php?rest_route=\/wp\/v2\/media\/4076"}],"wp:attachment":[{"href":"https:\/\/opelonka.com\/index.php?rest_route=%2Fwp%2Fv2%2Fmedia&parent=4077"}],"curies":[{"name":"wp","href":"https:\/\/api.w.org\/{rel}","templated":true}]}}

13273252 OPEL İNSİGNİA RADYO KONTROL PANELİ 13273095 KLİMA KONTROL PANELİ ÇIKMA ORJİNAL

<p><img loading="lazy" decoding="async" class="alignnone size-medium wp-image-4076" src="https://opelonka.com/wp-content/uploads/2021/01/photo_2021-01-21_11-01-11-300x225.jpg" alt="" width="300" height="225" srcset="https://opelonka.com/wp-content/uploads/2021/01/photo_2021-01-21_11-01-11-300x225.jpg 300w, https://opelonka.com/wp-content/uploads/2021/01/photo_2021-01-21_11-01-11-1024x768.jpg 1024w, https://opelonka.com/wp-content/uploads/2021/01/photo_2021-01-21_11-01-11-768x576.jpg 768w, https://opelonka.com/wp-content/uploads/2021/01/photo_2021-01-21_11-01-11-600x450.jpg 600w, https://opelonka.com/wp-content/uploads/2021/01/photo_2021-01-21_11-01-11-64x48.jpg 64w, https://opelonka.com/wp-content/uploads/2021/01/photo_2021-01-21_11-01-11-rotated.jpg 1280w" sizes="auto, (max-width: 300px) 100vw, 300px" /> <img loading="lazy" decoding="async" class="alignnone size-medium wp-image-4075" src="https://opelonka.com/wp-content/uploads/2021/01/photo_2021-01-21_11-01-08-300x225.jpg" alt="" width="300" height="225" srcset="https://opelonka.com/wp-content/uploads/2021/01/photo_2021-01-21_11-01-08-300x225.jpg 300w, https://opelonka.com/wp-content/uploads/2021/01/photo_2021-01-21_11-01-08-1024x768.jpg 1024w, https://opelonka.com/wp-content/uploads/2021/01/photo_2021-01-21_11-01-08-768x576.jpg 768w, https://opelonka.com/wp-content/uploads/2021/01/photo_2021-01-21_11-01-08-600x450.jpg 600w, https://opelonka.com/wp-content/uploads/2021/01/photo_2021-01-21_11-01-08-64x48.jpg 64w, https://opelonka.com/wp-content/uploads/2021/01/photo_2021-01-21_11-01-08-rotated.jpg 1280w" sizes="auto, (max-width: 300px) 100vw, 300px" /> <img loading="lazy" decoding="async" class="alignnone size-medium wp-image-4074" src="https://opelonka.com/wp-content/uploads/2021/01/photo_2021-01-21_11-01-04-300x225.jpg" alt="" width="300" height="225" srcset="https://opelonka.com/wp-content/uploads/2021/01/photo_2021-01-21_11-01-04-300x225.jpg 300w, https://opelonka.com/wp-content/uploads/2021/01/photo_2021-01-21_11-01-04-1024x768.jpg 1024w, https://opelonka.com/wp-content/uploads/2021/01/photo_2021-01-21_11-01-04-768x576.jpg 768w, https://opelonka.com/wp-content/uploads/2021/01/photo_2021-01-21_11-01-04-600x450.jpg 600w, https://opelonka.com/wp-content/uploads/2021/01/photo_2021-01-21_11-01-04-64x48.jpg 64w, https://opelonka.com/wp-content/uploads/2021/01/photo_2021-01-21_11-01-04.jpg 1280w" sizes="auto, (max-width: 300px) 100vw, 300px" /></p>
<p>13273252 OPEL İNSİGNİA RADYO KONTROL PANELİ</p>
<p>13273095 KLİMA KONTROL PANELİ ÇIKMA ORJİNAL</p>

<p>13273252 OPEL İNSİGNİA RADYO KONTROL PANELİ</p>
<p>13273095 KLİMA KONTROL PANELİ ÇIKMA ORJİNAL</p>
