{"id":3841,"date":"2021-01-19T11:29:16","date_gmt":"2021-01-19T11:29:16","guid":{"rendered":"http:\/\/opelonka.com\/?post_type=product&#038;p=3841"},"modified":"2022-04-07T01:00:55","modified_gmt":"2022-04-07T01:00:55","slug":"opel-vectra-b-cikma-orjinal-motor-besigi-travers","status":"publish","type":"product","link":"https:\/\/opelonka.com\/?product=opel-vectra-b-cikma-orjinal-motor-besigi-travers","title":{"rendered":"OPEL VECTRA B \u00c7IKMA ORJ\u0130NAL MOTOR BE\u015e\u0130\u011e\u0130 TRAVERS"},"content":{"rendered":"<p><img loading=\"lazy\" decoding=\"async\" class=\"alignnone size-medium wp-image-3839\" src=\"https:\/\/opelonka.com\/wp-content\/uploads\/2021\/01\/VECTRA-B-6-300x251.jpg\" alt=\"\" width=\"300\" height=\"251\" srcset=\"https:\/\/opelonka.com\/wp-content\/uploads\/2021\/01\/VECTRA-B-6-300x251.jpg 300w, https:\/\/opelonka.com\/wp-content\/uploads\/2021\/01\/VECTRA-B-6-768x641.jpg 768w, https:\/\/opelonka.com\/wp-content\/uploads\/2021\/01\/VECTRA-B-6-600x501.jpg 600w, https:\/\/opelonka.com\/wp-content\/uploads\/2021\/01\/VECTRA-B-6-64x53.jpg 64w, https:\/\/opelonka.com\/wp-content\/uploads\/2021\/01\/VECTRA-B-6.jpg 897w\" sizes=\"auto, (max-width: 300px) 100vw, 300px\" \/> <img loading=\"lazy\" decoding=\"async\" class=\"alignnone size-medium wp-image-3838\" src=\"https:\/\/opelonka.com\/wp-content\/uploads\/2021\/01\/VECTRA-B-5-300x225.jpg\" alt=\"\" width=\"300\" height=\"225\" srcset=\"https:\/\/opelonka.com\/wp-content\/uploads\/2021\/01\/VECTRA-B-5-300x225.jpg 300w, https:\/\/opelonka.com\/wp-content\/uploads\/2021\/01\/VECTRA-B-5-1024x768.jpg 1024w, https:\/\/opelonka.com\/wp-content\/uploads\/2021\/01\/VECTRA-B-5-768x576.jpg 768w, https:\/\/opelonka.com\/wp-content\/uploads\/2021\/01\/VECTRA-B-5-600x450.jpg 600w, https:\/\/opelonka.com\/wp-content\/uploads\/2021\/01\/VECTRA-B-5-64x48.jpg 64w, https:\/\/opelonka.com\/wp-content\/uploads\/2021\/01\/VECTRA-B-5.jpg 1280w\" sizes=\"auto, (max-width: 300px) 100vw, 300px\" \/> <img loading=\"lazy\" decoding=\"async\" class=\"alignnone size-medium wp-image-3837\" src=\"https:\/\/opelonka.com\/wp-content\/uploads\/2021\/01\/VECTRA-B-4-300x240.jpg\" alt=\"\" width=\"300\" height=\"240\" srcset=\"https:\/\/opelonka.com\/wp-content\/uploads\/2021\/01\/VECTRA-B-4-300x240.jpg 300w, https:\/\/opelonka.com\/wp-content\/uploads\/2021\/01\/VECTRA-B-4-1024x818.jpg 1024w, https:\/\/opelonka.com\/wp-content\/uploads\/2021\/01\/VECTRA-B-4-768x613.jpg 768w, https:\/\/opelonka.com\/wp-content\/uploads\/2021\/01\/VECTRA-B-4-600x479.jpg 600w, https:\/\/opelonka.com\/wp-content\/uploads\/2021\/01\/VECTRA-B-4-64x51.jpg 64w, https:\/\/opelonka.com\/wp-content\/uploads\/2021\/01\/VECTRA-B-4.jpg 1057w\" sizes=\"auto, (max-width: 300px) 100vw, 300px\" \/> <img loading=\"lazy\" decoding=\"async\" class=\"alignnone size-medium wp-image-3835\" src=\"https:\/\/opelonka.com\/wp-content\/uploads\/2021\/01\/VECTRA-B-2-1-300x231.jpg\" alt=\"\" width=\"300\" height=\"231\" srcset=\"https:\/\/opelonka.com\/wp-content\/uploads\/2021\/01\/VECTRA-B-2-1-300x231.jpg 300w, https:\/\/opelonka.com\/wp-content\/uploads\/2021\/01\/VECTRA-B-2-1-768x590.jpg 768w, https:\/\/opelonka.com\/wp-content\/uploads\/2021\/01\/VECTRA-B-2-1-600x461.jpg 600w, https:\/\/opelonka.com\/wp-content\/uploads\/2021\/01\/VECTRA-B-2-1-64x49.jpg 64w, https:\/\/opelonka.com\/wp-content\/uploads\/2021\/01\/VECTRA-B-2-1.jpg 882w\" sizes=\"auto, (max-width: 300px) 100vw, 300px\" \/> <img loading=\"lazy\" decoding=\"async\" class=\"alignnone size-medium wp-image-3836\" src=\"https:\/\/opelonka.com\/wp-content\/uploads\/2021\/01\/VECTRA-B-3-300x253.jpg\" alt=\"\" width=\"300\" height=\"253\" srcset=\"https:\/\/opelonka.com\/wp-content\/uploads\/2021\/01\/VECTRA-B-3-300x253.jpg 300w, https:\/\/opelonka.com\/wp-content\/uploads\/2021\/01\/VECTRA-B-3-768x648.jpg 768w, https:\/\/opelonka.com\/wp-content\/uploads\/2021\/01\/VECTRA-B-3-600x506.jpg 600w, https:\/\/opelonka.com\/wp-content\/uploads\/2021\/01\/VECTRA-B-3-64x54.jpg 64w, https:\/\/opelonka.com\/wp-content\/uploads\/2021\/01\/VECTRA-B-3.jpg 1020w\" sizes=\"auto, (max-width: 300px) 100vw, 300px\" \/> <img loading=\"lazy\" decoding=\"async\" class=\"alignnone size-medium wp-image-3834\" src=\"https:\/\/opelonka.com\/wp-content\/uploads\/2021\/01\/VECTRA-B-1-1-300x154.jpg\" alt=\"\" width=\"300\" height=\"154\" srcset=\"https:\/\/opelonka.com\/wp-content\/uploads\/2021\/01\/VECTRA-B-1-1-300x154.jpg 300w, https:\/\/opelonka.com\/wp-content\/uploads\/2021\/01\/VECTRA-B-1-1-1024x527.jpg 1024w, https:\/\/opelonka.com\/wp-content\/uploads\/2021\/01\/VECTRA-B-1-1-768x395.jpg 768w, https:\/\/opelonka.com\/wp-content\/uploads\/2021\/01\/VECTRA-B-1-1-600x309.jpg 600w, https:\/\/opelonka.com\/wp-content\/uploads\/2021\/01\/VECTRA-B-1-1-64x33.jpg 64w, https:\/\/opelonka.com\/wp-content\/uploads\/2021\/01\/VECTRA-B-1-1.jpg 1262w\" sizes=\"auto, (max-width: 300px) 100vw, 300px\" \/><img loading=\"lazy\" decoding=\"async\" class=\"alignnone size-medium wp-image-3837\" src=\"https:\/\/opelonka.com\/wp-content\/uploads\/2021\/01\/VECTRA-B-4-300x240.jpg\" alt=\"\" width=\"300\" height=\"240\" srcset=\"https:\/\/opelonka.com\/wp-content\/uploads\/2021\/01\/VECTRA-B-4-300x240.jpg 300w, https:\/\/opelonka.com\/wp-content\/uploads\/2021\/01\/VECTRA-B-4-1024x818.jpg 1024w, https:\/\/opelonka.com\/wp-content\/uploads\/2021\/01\/VECTRA-B-4-768x613.jpg 768w, https:\/\/opelonka.com\/wp-content\/uploads\/2021\/01\/VECTRA-B-4-600x479.jpg 600w, https:\/\/opelonka.com\/wp-content\/uploads\/2021\/01\/VECTRA-B-4-64x51.jpg 64w, https:\/\/opelonka.com\/wp-content\/uploads\/2021\/01\/VECTRA-B-4.jpg 1057w\" sizes=\"auto, (max-width: 300px) 100vw, 300px\" \/><\/p>\n<p>OPEL VECTRA B \u00c7IKMA ORJ\u0130NAL MOTOR BE\u015e\u0130\u011e\u0130<\/p>\n<p>OPEL VECTRA B \u00c7IKMA ORJ\u0130NAL MOTOR TRAVERS\u0130<\/p>\n<p>OPEL VECTRA B \u00c7IKMA ORJ\u0130NAL MOTOR ALT BE\u015e\u0130\u011e\u0130<\/p>\n","protected":false},"excerpt":{"rendered":"<p>OPEL VECTRA B \u00c7IKMA ORJ\u0130NAL MOTOR BE\u015e\u0130\u011e\u0130<\/p>\n<p>OPEL VECTRA B \u00c7IKMA ORJ\u0130NAL MOTOR TRAVERS\u0130<\/p>\n<p>OPEL VECTRA B \u00c7IKMA ORJ\u0130NAL MOTOR ALT BE\u015e\u0130\u011e\u0130<\/p>\n","protected":false},"featured_media":3839,"comment_status":"open","ping_status":"closed","template":"","meta":[],"class_list":{"0":"post-3841","1":"product","2":"type-product","3":"status-publish","4":"has-post-thumbnail","6":"product_cat-opel","7":"product_cat-on-dingil-ve-suspansiyon-vectra-b","8":"product_cat-vectra","9":"product_cat-vectra-b","10":"product_tag-besik","11":"product_tag-cikma","12":"product_tag-motor","13":"product_tag-motor-alt-besigi","14":"product_tag-motor-besigi","15":"product_tag-motor-traversi","16":"product_tag-opel","17":"product_tag-orjinal","18":"product_tag-sifir","19":"product_tag-travers","20":"product_tag-vectra","21":"badges-style-3","23":"first","24":"instock","25":"shipping-taxable","26":"product-type-simple"},"_links":{"self":[{"href":"https:\/\/opelonka.com\/index.php?rest_route=\/wp\/v2\/product\/3841","targetHints":{"allow":["GET"]}}],"collection":[{"href":"https:\/\/opelonka.com\/index.php?rest_route=\/wp\/v2\/product"}],"about":[{"href":"https:\/\/opelonka.com\/index.php?rest_route=\/wp\/v2\/types\/product"}],"replies":[{"embeddable":true,"href":"https:\/\/opelonka.com\/index.php?rest_route=%2Fwp%2Fv2%2Fcomments&post=3841"}],"wp:featuredmedia":[{"embeddable":true,"href":"https:\/\/opelonka.com\/index.php?rest_route=\/wp\/v2\/media\/3839"}],"wp:attachment":[{"href":"https:\/\/opelonka.com\/index.php?rest_route=%2Fwp%2Fv2%2Fmedia&parent=3841"}],"curies":[{"name":"wp","href":"https:\/\/api.w.org\/{rel}","templated":true}]}}