{"id":3833,"date":"2021-01-19T11:10:44","date_gmt":"2021-01-19T11:10:44","guid":{"rendered":"http:\/\/opelonka.com\/?post_type=product&#038;p=3833"},"modified":"2024-10-08T01:58:31","modified_gmt":"2024-10-08T01:58:31","slug":"opel-insignia-yeni-yan-sanayi-motor-besigi-travers","status":"publish","type":"product","link":"https:\/\/opelonka.com\/?product=opel-insignia-yeni-yan-sanayi-motor-besigi-travers","title":{"rendered":"OPEL \u0130NS\u0130GN\u0130A YEN\u0130 YAN SANAY\u0130 MOTOR BE\u015e\u0130\u011e\u0130 TRAVERS"},"content":{"rendered":"<p><img loading=\"lazy\" decoding=\"async\" class=\"alignnone size-medium wp-image-3832\" src=\"https:\/\/opelonka.com\/wp-content\/uploads\/2021\/01\/\u0130NS\u0130GN\u0130A-225x300.jpg\" alt=\"\" width=\"225\" height=\"300\" srcset=\"https:\/\/opelonka.com\/wp-content\/uploads\/2021\/01\/\u0130NS\u0130GN\u0130A-225x300.jpg 225w, https:\/\/opelonka.com\/wp-content\/uploads\/2021\/01\/\u0130NS\u0130GN\u0130A-768x1024.jpg 768w, https:\/\/opelonka.com\/wp-content\/uploads\/2021\/01\/\u0130NS\u0130GN\u0130A-600x800.jpg 600w, https:\/\/opelonka.com\/wp-content\/uploads\/2021\/01\/\u0130NS\u0130GN\u0130A-64x85.jpg 64w, https:\/\/opelonka.com\/wp-content\/uploads\/2021\/01\/\u0130NS\u0130GN\u0130A.jpg 960w\" sizes=\"auto, (max-width: 225px) 100vw, 225px\" \/> <img loading=\"lazy\" decoding=\"async\" class=\"alignnone size-medium wp-image-3831\" src=\"https:\/\/opelonka.com\/wp-content\/uploads\/2021\/01\/\u0130NS\u0130GN\u0130A-4-300x225.jpg\" alt=\"\" width=\"300\" height=\"225\" srcset=\"https:\/\/opelonka.com\/wp-content\/uploads\/2021\/01\/\u0130NS\u0130GN\u0130A-4-300x225.jpg 300w, https:\/\/opelonka.com\/wp-content\/uploads\/2021\/01\/\u0130NS\u0130GN\u0130A-4-1024x768.jpg 1024w, https:\/\/opelonka.com\/wp-content\/uploads\/2021\/01\/\u0130NS\u0130GN\u0130A-4-768x576.jpg 768w, https:\/\/opelonka.com\/wp-content\/uploads\/2021\/01\/\u0130NS\u0130GN\u0130A-4-600x450.jpg 600w, https:\/\/opelonka.com\/wp-content\/uploads\/2021\/01\/\u0130NS\u0130GN\u0130A-4-64x48.jpg 64w, https:\/\/opelonka.com\/wp-content\/uploads\/2021\/01\/\u0130NS\u0130GN\u0130A-4.jpg 1280w\" sizes=\"auto, (max-width: 300px) 100vw, 300px\" \/> <img loading=\"lazy\" decoding=\"async\" class=\"alignnone size-medium wp-image-3830\" src=\"https:\/\/opelonka.com\/wp-content\/uploads\/2021\/01\/\u0130NS\u0130GN\u0130A-3-300x225.jpg\" alt=\"\" width=\"300\" height=\"225\" srcset=\"https:\/\/opelonka.com\/wp-content\/uploads\/2021\/01\/\u0130NS\u0130GN\u0130A-3-300x225.jpg 300w, https:\/\/opelonka.com\/wp-content\/uploads\/2021\/01\/\u0130NS\u0130GN\u0130A-3-1024x768.jpg 1024w, https:\/\/opelonka.com\/wp-content\/uploads\/2021\/01\/\u0130NS\u0130GN\u0130A-3-768x576.jpg 768w, https:\/\/opelonka.com\/wp-content\/uploads\/2021\/01\/\u0130NS\u0130GN\u0130A-3-600x450.jpg 600w, https:\/\/opelonka.com\/wp-content\/uploads\/2021\/01\/\u0130NS\u0130GN\u0130A-3-64x48.jpg 64w, https:\/\/opelonka.com\/wp-content\/uploads\/2021\/01\/\u0130NS\u0130GN\u0130A-3.jpg 1280w\" sizes=\"auto, (max-width: 300px) 100vw, 300px\" \/> <img loading=\"lazy\" decoding=\"async\" class=\"alignnone size-medium wp-image-3829\" src=\"https:\/\/opelonka.com\/wp-content\/uploads\/2021\/01\/\u0130NS\u0130GN\u0130A-2-1-225x300.jpg\" alt=\"\" width=\"225\" height=\"300\" srcset=\"https:\/\/opelonka.com\/wp-content\/uploads\/2021\/01\/\u0130NS\u0130GN\u0130A-2-1-225x300.jpg 225w, https:\/\/opelonka.com\/wp-content\/uploads\/2021\/01\/\u0130NS\u0130GN\u0130A-2-1-768x1024.jpg 768w, https:\/\/opelonka.com\/wp-content\/uploads\/2021\/01\/\u0130NS\u0130GN\u0130A-2-1-600x800.jpg 600w, https:\/\/opelonka.com\/wp-content\/uploads\/2021\/01\/\u0130NS\u0130GN\u0130A-2-1-64x85.jpg 64w, https:\/\/opelonka.com\/wp-content\/uploads\/2021\/01\/\u0130NS\u0130GN\u0130A-2-1.jpg 960w\" sizes=\"auto, (max-width: 225px) 100vw, 225px\" \/> <img loading=\"lazy\" decoding=\"async\" class=\"alignnone size-medium wp-image-3828\" src=\"https:\/\/opelonka.com\/wp-content\/uploads\/2021\/01\/\u0130NS\u0130GN\u0130A-1-1-225x300.jpg\" alt=\"\" width=\"225\" height=\"300\" srcset=\"https:\/\/opelonka.com\/wp-content\/uploads\/2021\/01\/\u0130NS\u0130GN\u0130A-1-1-225x300.jpg 225w, https:\/\/opelonka.com\/wp-content\/uploads\/2021\/01\/\u0130NS\u0130GN\u0130A-1-1-768x1024.jpg 768w, https:\/\/opelonka.com\/wp-content\/uploads\/2021\/01\/\u0130NS\u0130GN\u0130A-1-1-600x800.jpg 600w, https:\/\/opelonka.com\/wp-content\/uploads\/2021\/01\/\u0130NS\u0130GN\u0130A-1-1-64x85.jpg 64w, https:\/\/opelonka.com\/wp-content\/uploads\/2021\/01\/\u0130NS\u0130GN\u0130A-1-1.jpg 960w\" sizes=\"auto, (max-width: 225px) 100vw, 225px\" \/><\/p>\n<p>OPEL \u0130NS\u0130GN\u0130A YEN\u0130 YAN SANAY\u0130 MOTOR BE\u015e\u0130\u011e\u0130<\/p>\n<p>OPEL \u0130NS\u0130GN\u0130A YEN\u0130 YAN SANAY\u0130 MOTOR ALT BE\u015e\u0130\u011e\u0130<\/p>\n<p>OPEL \u0130NS\u0130GN\u0130A YEN\u0130 YAN SANAY\u0130 MOTOR TRAVERS\u0130<\/p>\n","protected":false},"excerpt":{"rendered":"<p>OPEL \u0130NS\u0130GN\u0130A YEN\u0130 YAN SANAY\u0130 MOTOR BE\u015e\u0130\u011e\u0130<\/p>\n<p>OPEL \u0130NS\u0130GN\u0130A YEN\u0130 YAN SANAY\u0130 MOTOR ALT BE\u015e\u0130\u011e\u0130<\/p>\n<p>OPEL \u0130NS\u0130GN\u0130A YEN\u0130 YAN SANAY\u0130 MOTOR TRAVERS\u0130<\/p>\n","protected":false},"featured_media":3830,"comment_status":"open","ping_status":"closed","template":"","meta":[],"class_list":{"0":"post-3833","1":"product","2":"type-product","3":"status-publish","4":"has-post-thumbnail","6":"product_cat-opel","7":"product_cat-insignia","8":"product_cat-insignia-a","9":"product_cat-on-dingil-ve-suspansiyon-insignia-a","10":"product_tag-besik","11":"product_tag-motor","12":"product_tag-motor-alt-besigi","13":"product_tag-motor-besigi","14":"product_tag-motor-traversi","15":"product_tag-opel","16":"product_tag-travers","17":"badges-style-3","19":"first","20":"instock","21":"shipping-taxable","22":"product-type-simple"},"_links":{"self":[{"href":"https:\/\/opelonka.com\/index.php?rest_route=\/wp\/v2\/product\/3833","targetHints":{"allow":["GET"]}}],"collection":[{"href":"https:\/\/opelonka.com\/index.php?rest_route=\/wp\/v2\/product"}],"about":[{"href":"https:\/\/opelonka.com\/index.php?rest_route=\/wp\/v2\/types\/product"}],"replies":[{"embeddable":true,"href":"https:\/\/opelonka.com\/index.php?rest_route=%2Fwp%2Fv2%2Fcomments&post=3833"}],"wp:featuredmedia":[{"embeddable":true,"href":"https:\/\/opelonka.com\/index.php?rest_route=\/wp\/v2\/media\/3830"}],"wp:attachment":[{"href":"https:\/\/opelonka.com\/index.php?rest_route=%2Fwp%2Fv2%2Fmedia&parent=3833"}],"curies":[{"name":"wp","href":"https:\/\/api.w.org\/{rel}","templated":true}]}}